0
Let m = -6944 - -6961. Calculate the highest common divisor of 2669 and m.
17
Suppose 2266 = 4*l - r - 216, 0 = 4*r + 8. Suppose 0 = 11*z - 304 - l. Let y = z - 69. Calculate the greatest common divisor of 15 and y.
15
Let m = -4655 + 4695. Suppose -5*j + 62 - 2 = 0. Let g be ((-8)/(-3))/(2/j). Calculate the greatest common factor of g and m.
8
Let s be (-88)/8 + 8 - -172. Suppose -h - 43 = -2*f - 4*h, 119 = 4*f - 5*h. What is the highest common divisor of s and f?
13
Let n = 839 + -1636. Let p = n + 1256. What is the highest common divisor of p and 17?
17
Suppose -4590 - 6120 = -121*q + 19*q. Calculate the greatest common divisor of q and 1855.
35
Let n be 157/4 + 6/(-24). Let t be 65/n - 8/(-6). Suppose -t*x = -3*a - 270, -3*x + 242 + 28 = -5*a. Calculate the greatest common factor of 10 and x.
10
Let n = -103 - -129. Suppose n = q - 2. Calculate the greatest common divisor of q and 56.
28
Suppose -4*y - 64 = -2*d + 32, 4*d = -y + 183. Let m be (-3)/(70/280 - 14/8). What is the greatest common factor of m and d?
2
Let y(a) = a**2 - 4*a + 23. Let q(u) = -3*u**2 - 7*u + 5. Let z be q(-4). Let w be y(z). What is the highest common divisor of 7 and w?
7
Let u be (4/9*84/14)/(2/42). Calculate the highest common divisor of 1288 and u.
56
Let v = 73 + -32. Let u = -1307 - -1321. Let m = v + u. What is the highest common factor of m and 22?
11
Let g = 13594 + -13402. Calculate the greatest common factor of 448 and g.
64
Let q be (126*(1 + (-16)/20))/((-90)/(-6075)). What is the highest common factor of q and 1071?
63
Suppose 42523 + 166169 = 75*x - 13*x. Calculate the highest common factor of x and 3.
3
Let k = -257 + 262. Suppose -100 = -k*o + 5*a, 4*a - 24 = -o + 3*a. Calculate the highest common divisor of 242 and o.
22
Let s be 1/2 - 178/(-4). Let r(x) be the first derivative of -31*x**2/2 - 305*x + 309. Let i be r(-10). Calculate the greatest common factor of i and s.
5
Suppose 2*i = -2 + 12. Suppose -y = i - 1. Let x be 3 - 0*y/20. Calculate the greatest common divisor of 2 and x.
1
Suppose -3*l = -3*u - 120, -6*l = -4*l - 5*u - 65. Let g = l - 34. Suppose t - 2 - g = 0. What is the greatest common divisor of t and 104?
13
Let h = -2683 - -2939. What is the greatest common factor of 640 and h?
128
Suppose 49*o = 53*o - 420. Let l be (9/3 - 2)*22. Suppose -l = -2*n - 5*b, 0 = -b + 2 - 6. What is the highest common divisor of n and o?
21
Suppose 0 = 9*w + 350 - 323. Let m be (1 - (-560)/12) + (-1)/w. Let x = -13 - -349. Calculate the highest common divisor of m and x.
48
Suppose 14*g + 3010 + 1631 = 53*g. What is the highest common factor of 153 and g?
17
Let d be 1*(-1 - 2 - -3)/1. Suppose 18 = k - c - 8, -4*c + 16 = d. What is the highest common divisor of k and 240?
30
Let i be (-8330)/196*(-368)/5. Calculate the greatest common factor of 23 and i.
23
Suppose -15*m = -m - 70. Suppose 0 = -r - m*r + 270. What is the greatest common divisor of 10 and r?
5
Suppose f + 1039 = 3*w, 5*w - 9*w = 3*f - 1407. What is the greatest common factor of 4002 and w?
174
Suppose 0 = -8*o + 14 - 14. Suppose -3*x + 80 + 34 = o. Calculate the highest common factor of 2 and x.
2
Let i be 142/6 + (-1)/(-3). Suppose 175 = 7*g + 2345. Let b = g - -318. What is the greatest common divisor of b and i?
8
Suppose -7 = 4*s - 19, -2*t + 57 = -5*s. Let d(j) = j**2 + j + 90. Let b = 2 + -2. Let c be d(b). What is the highest common factor of t and c?
18
Let i be (564/24 - 6)/(-4*(-4)/96). Calculate the greatest common divisor of 10905 and i.
15
Let d(p) = p**3 + 41*p**2 + 76*p - 82. Let i be d(-39). Let m be 16/(-32) - 1850/i. Calculate the greatest common factor of 126 and m.
42
Let s be (22/(-77)*7)/(4/(-26)). Suppose -s*z + 2607 = 241. Calculate the greatest common divisor of 28 and z.
14
Let a = 56 + -56. Suppose 4*u + 0*u + 2*w - 8 = 0, 3*u + w - 7 = a. Suppose -u*k + 86 = -22. Calculate the highest common divisor of k and 54.
18
Let k be 20 + 6/(-12)*12. Suppose 76 = 3*i + 2*v, -5*v - k = -i - 0*i. What is the greatest common divisor of 84 and i?
12
Suppose -13*d + 10*d - 6 = 0, -a = -5*d - 91. What is the highest common divisor of a and 99?
9
Let h be 6*(564/1034)/(18/44). Let u be 14/6 + 3/(-9). Suppose -5*k = 2*t - 138, -4*t = u*k - 38 - 14. Calculate the highest common factor of k and h.
4
Let b = 13 - 10. Suppose -2*h + b*h - 181 = -f, 5*f + 4*h = 904. Calculate the highest common divisor of f and 225.
45
Let o = -1191 + 661. Let s be (o/(-8))/1 - (-33)/(-132). Calculate the greatest common factor of s and 110.
22
Suppose 628 = -3*z - p, 427 = -2*z - 4*p + 5*p. Let k = z + 228. Calculate the greatest common divisor of k and 17.
17
Suppose 13 = 2*w - 21. Suppose 13*k - w*k = -20. Suppose 0 = -7*f - k*f + 336. Calculate the highest common factor of f and 42.
14
Suppose o = 60 - 14. Let l(s) = 2*s**2 - 17*s + 39. Suppose 20*u + 30 = 23*u. Let v be l(u). Calculate the greatest common factor of o and v.
23
Suppose 4*t + 0 = 3*z + 15, -5 = -5*t + z. Suppose -2*c - 4*c + 24 = t. Suppose 1 = -5*l - c, -199 = -5*r + 4*l. What is the highest common factor of r and 39?
39
Suppose -3*t + 127 - 145 = 0, 3*t = -p + 82. Calculate the highest common factor of 12550 and p.
50
Suppose 3260 + 1030 = 22*r. Let l = r - 148. Calculate the greatest common divisor of 423 and l.
47
Suppose -3*b + 25 = -5. Suppose -b*a - 420 = -14*a. Let z(c) = 15*c**2 + 2*c + 2. Let l be z(-1). Calculate the greatest common divisor of a and l.
15
Suppose h - 169 = s + 4*s, -4*s = 0. Let x be 3/2*(-200)/(-6). Let a = h - x. What is the greatest common factor of 17 and a?
17
Let t = -3095 - -3885. What is the greatest common divisor of 80 and t?
10
Suppose -121 = -5*r - 2*d + 162, r = d + 58. Let j be ((-27)/(-36) - -9 - 5)/((-6)/(-96)). What is the highest common divisor of j and r?
19
Suppose 6*f = 9*f - 15, 5*g - 195 = -f. What is the greatest common factor of 54 and g?
2
Suppose 0 = -4*b - 2*p + 6856, 4*b + 309*p - 6850 = 306*p. What is the highest common divisor of b and 17?
17
Let s(o) = 11*o - 109. Let h be s(11). Suppose 8*f - h - 100 = 0. Calculate the greatest common divisor of 252 and f.
14
Let j(d) = -10*d - 8. Let a be j(6). Let q = 75 + a. Suppose 0 = -5*o - 3*x + 2 - q, -2*o + 2*x + 14 = 0. Calculate the greatest common factor of o and 14.
2
Let f be 63/(-15)*20/(-12). Let d(q) = -q**2 + 4*q + 38. Let a be d(f). Calculate the highest common divisor of 527 and a.
17
Let r(w) = -w**3 - w**2 - w. Let n(s) = -20*s**2 - 25*s + 38. Let o(x) = -n(x) + r(x). Let v be o(20). What is the highest common divisor of v and 6?
6
Let g(n) = 17*n + 8. Let a be g(6). Let w(j) = 14*j + 11. Let p be w(5). Let q = 103 - p. What is the highest common factor of a and q?
22
Let o be (14/(-4))/(5/(-30)). Let w be 9/((-4)/30*40/(-32)). Let l = w + -51. Calculate the highest common divisor of o and l.
3
Let k be (-6)/2 + 12 + -3. Suppose 2*b - 3612 = -9*y, -y + 352 = 3*b - 41. What is the greatest common divisor of y and k?
6
Suppose 0 = -s + 5 + 91 + 5. Calculate the highest common factor of s and 2.
1
Let i be ((-23)/46)/((-2483)/(-1242) + -2) + -5. Calculate the highest common divisor of 5320 and i.
56
Let d(z) = 125*z**2 - 7*z + 19. Let y be d(-2). What is the greatest common divisor of y and 169?
13
Let o be (-36)/(-27) - (1 + (-2)/3). Let j(z) = -13*z + 8. Let l be j(-1). What is the highest common factor of o and l?
1
Let f be 277 + 1/((-7)/(-49)). Suppose -2*c + 2982 = 4*c. Calculate the greatest common divisor of f and c.
71
Suppose 5*a - 250 = -o, 10*a - 14*a + 248 = o. Let g = 31 - -17. Calculate the greatest common factor of g and o.
48
Suppose -s = -c + 40 + 40, 5*c + 3*s = 416. Suppose -11*k - c = 182. Let t be (k/14)/(3/(-63)). Calculate the greatest common divisor of 180 and t.
36
Suppose -28*q - 31 = -241 - 238. Calculate the greatest common divisor of q and 648.
8
Let t = -10 - 57. Let i = -56 - t. Suppose -i = 3*q + 3*z - 56, q + 4*z - 18 = 0. Calculate the highest common factor of 56 and q.
14
Let m(g) = -g**3 - 7*g**2 - 24*g - 20. Let q be m(-11). Let n = q - 661. What is the greatest common factor of n and 1273?
67
Let g be 2/(2/(-2) + 52/50). Suppose -3*u = -15, 4*p + 15 = u - g. Let s = p + 21. Calculate the highest common factor of s and 30.
6
Suppose 361*i - 369*i = 128. Let a be 130 + 